{"id":1538,"date":"2021-12-14T15:06:01","date_gmt":"2021-12-14T15:06:01","guid":{"rendered":"https:\/\/www.universitebiencommun.org\/?page_id=1538"},"modified":"2021-12-14T16:22:40","modified_gmt":"2021-12-14T16:22:40","slug":"liberons-leau-de-la-bourse","status":"publish","type":"page","link":"https:\/\/www.universitebiencommun.org\/?page_id=1538","title":{"rendered":"Lib\u00e9rons l&rsquo;eau de la bourse! (Campagne mondiale)"},"content":{"rendered":"\n<p><strong>Tournant historique&nbsp;<\/strong>:<strong> le 7 d\u00e9cembre 2020, l\u2019eau, source de toute vie<\/strong>,<strong> est devenue<\/strong> officiellement <strong>une valeur cot\u00e9e en bourse aux Etats-Unis,&nbsp; <\/strong>dans l\u2019indiff\u00e9rence des gouvernements. Un an apr\u00e8s, et un mois apr\u00e8s l\u2019ouverture de la COP 26,&nbsp; <strong>UN RASSEMBLEMENT&nbsp; A EU LIEU LE MARDI 7 DECEMBRE&nbsp; DE 18H30 A 20H PLACE DE LA BOURSE A PARIS<\/strong>.<\/p>\n\n\n\n<p>A l&rsquo;initiative de l&rsquo;Agora des habitants de la terre, de la coordination eau Ile-de-France et de l&rsquo;Universit\u00e9 du Bien Commun \u00e0 Paris et de Bassines, de nombreuses organisations ont rejoint cette mobilisation qui ne fait que commencer.  Pour mobiliser dans la dur\u00e9e sur ces enjeux cruciaux,<strong> organisations et citoyen.ne.s se sont rassembl\u00e9s dans&nbsp; la m\u00eame journ\u00e9e&nbsp; en Italie<\/strong>,<strong> en Belgique<\/strong>,<strong>&nbsp; au Chili<\/strong>,<strong> au Br\u00e9sil et en Argentine<\/strong>, dans le cadre de l&rsquo;initiative<strong> \u00ab\u00a0<\/strong>Lib\u00e9rons l&rsquo;eau de la bourse<strong>\u00a0\u00bb <\/strong>de<em>l&rsquo;Agora des habitants de la terre<\/em>.<\/p>\n\n\n\n<p><strong>Consulter le communiqu\u00e9 de presse<\/strong> :     <\/p>\n\n\n\n<figure class=\"wp-block-image size-full\"><a href=\"https:\/\/www.universitebiencommun.org\/wp-content\/uploads\/2021\/12\/eau-appel.png\"><img loading=\"lazy\" width=\"697\" height=\"1000\" src=\"http:\/\/www.universitebiencommun.org\/wp-content\/uploads\/2021\/12\/eau-appel.png\" alt=\"\" class=\"wp-image-1546\" srcset=\"https:\/\/www.universitebiencommun.org\/wp-content\/uploads\/2021\/12\/eau-appel.png 697w, https:\/\/www.universitebiencommun.org\/wp-content\/uploads\/2021\/12\/eau-appel-209x300.png 209w\" sizes=\"(max-width: 697px) 100vw, 697px\" \/><\/a><\/figure>\n\n\n\n<p><strong><u>Place de la bourse des allocutions furent prononc\u00e9es par<\/u><\/strong>&nbsp;: <\/p>\n\n\n\n<p>&#8211; <strong>Jean-Claude Oliva <\/strong>(directeur de la Coordination Eau \u00cele de France)<\/p>\n\n\n\n<figure class=\"wp-block-embed is-type-video is-provider-youtube wp-block-embed-youtube wp-embed-aspect-16-9 wp-has-aspect-ratio\"><div class=\"wp-block-embed__wrapper\">\n<iframe loading=\"lazy\" title=\"&quot;Lib\u00e9rons l&#039;Eau de la bourse&quot; 7\/12\/21 - Jean-Claude Oliva (Coordination Eau Ile de France)\" width=\"525\" height=\"295\" src=\"https:\/\/www.youtube.com\/embed\/OLKhbskpljw?feature=oembed\" frameborder=\"0\" allow=\"accelerometer; autoplay; clipboard-write; encrypted-media; gyroscope; picture-in-picture\" allowfullscreen><\/iframe>\n<\/div><\/figure>\n\n\n\n<p>&#8211; <strong>Mathilde Panot<\/strong> (D\u00e9put\u00e9 nationale de la France Insoumise) :  <\/p>\n\n\n\n<figure class=\"wp-block-embed is-type-video is-provider-youtube wp-block-embed-youtube wp-embed-aspect-16-9 wp-has-aspect-ratio\"><div class=\"wp-block-embed__wrapper\">\n<iframe loading=\"lazy\" title=\"&quot;Lib\u00e9rons l&#039;Eau de La Bourse&quot; 7\/12\/21 - Mathilde Panot (D\u00e9put\u00e9e France Insoumise)\" width=\"525\" height=\"295\" src=\"https:\/\/www.youtube.com\/embed\/vqlaxJhH8Tg?feature=oembed\" frameborder=\"0\" allow=\"accelerometer; autoplay; clipboard-write; encrypted-media; gyroscope; picture-in-picture\" allowfullscreen><\/iframe>\n<\/div><\/figure>\n\n\n\n<p>&#8211; <strong>Julien Le Guet<\/strong> (porte-parole du Collectif Bassines Non Merci) : <\/p>\n\n\n\n<figure class=\"wp-block-embed is-type-video is-provider-youtube wp-block-embed-youtube wp-embed-aspect-16-9 wp-has-aspect-ratio\"><div class=\"wp-block-embed__wrapper\">\n<iframe loading=\"lazy\" title=\"&quot;Lib\u00e9rons l&#039;Eau de la bourse&quot; 7\/12\/21 - Julien Le Guet (Collectif Bassines Non Merci)\" width=\"525\" height=\"295\" src=\"https:\/\/www.youtube.com\/embed\/DHx_PMMitKo?feature=oembed\" frameborder=\"0\" allow=\"accelerometer; autoplay; clipboard-write; encrypted-media; gyroscope; picture-in-picture\" allowfullscreen><\/iframe>\n<\/div><\/figure>\n\n\n\n<p>&#8211; <strong>Beno\u00eet Biteau<\/strong> (d\u00e9put\u00e9 europ\u00e9en Europe \u00c9cologie Les Verts) : <\/p>\n\n\n\n<figure class=\"wp-block-embed is-type-video is-provider-youtube wp-block-embed-youtube wp-embed-aspect-16-9 wp-has-aspect-ratio\"><div class=\"wp-block-embed__wrapper\">\n<iframe loading=\"lazy\" title=\"&quot;Lib\u00e9rons l&#039;Eau de la bourse&quot; 7\/12\/21 - Beno\u00eet Biteau (D\u00e9put\u00e9 Europ\u00e9en EELV)\" width=\"525\" height=\"295\" src=\"https:\/\/www.youtube.com\/embed\/7Xk38MgBmQE?feature=oembed\" frameborder=\"0\" allow=\"accelerometer; autoplay; clipboard-write; encrypted-media; gyroscope; picture-in-picture\" allowfullscreen><\/iframe>\n<\/div><\/figure>\n\n\n\n<p>&#8211; <strong>Nicolas Girod <\/strong>(porte-parole de la Conf\u00e9d\u00e9ration Paysanne) : <\/p>\n\n\n\n<figure class=\"wp-block-embed is-type-video is-provider-youtube wp-block-embed-youtube wp-embed-aspect-16-9 wp-has-aspect-ratio\"><div class=\"wp-block-embed__wrapper\">\n<iframe loading=\"lazy\" title=\"&quot;Lib\u00e9rons l&#039;Eau de la bourse&quot; 7\/12\/21 - Nicolas Girod (Conf\u00e9d\u00e9ration Paysanne)\" width=\"525\" height=\"295\" src=\"https:\/\/www.youtube.com\/embed\/-sEpqYebq2Y?feature=oembed\" frameborder=\"0\" allow=\"accelerometer; autoplay; clipboard-write; encrypted-media; gyroscope; picture-in-picture\" allowfullscreen><\/iframe>\n<\/div><\/figure>\n\n\n\n<p>&#8211; <strong>Jean-Pascal Derumier<\/strong> (Universit\u00e9 Eau Bien Commun Paris) : <\/p>\n\n\n\n<figure class=\"wp-block-embed is-type-video is-provider-youtube wp-block-embed-youtube wp-embed-aspect-16-9 wp-has-aspect-ratio\"><div class=\"wp-block-embed__wrapper\">\n<iframe loading=\"lazy\" title=\"&quot;Lib\u00e9rons l&#039;Eau de la bourse&quot; 7\/12\/21 - Jean Pascal Derumier (Universit\u00e9 Eau Bien Commun Paris)\" width=\"525\" height=\"295\" src=\"https:\/\/www.youtube.com\/embed\/1CiQnlR4MiM?feature=oembed\" frameborder=\"0\" allow=\"accelerometer; autoplay; clipboard-write; encrypted-media; gyroscope; picture-in-picture\" allowfullscreen><\/iframe>\n<\/div><\/figure>\n\n\n\n<p>&#8211; <strong>Marie Toussaint<\/strong> (d\u00e9put\u00e9e europ\u00e9enne EELV, juriste en droit international de l&rsquo;environnement, cofondatrice de l&rsquo;association Notre affaire \u00e0 Tous) : <\/p>\n\n\n\n<figure class=\"wp-block-embed is-type-video is-provider-youtube wp-block-embed-youtube wp-embed-aspect-16-9 wp-has-aspect-ratio\"><div class=\"wp-block-embed__wrapper\">\n<iframe loading=\"lazy\" title=\"&quot;Lib\u00e9rons l&#039;Eau de la bourse&quot; 7\/12\/21 - Marie Toussaint (D\u00e9put\u00e9e Europ\u00e9enne EELV)\" width=\"525\" height=\"295\" src=\"https:\/\/www.youtube.com\/embed\/xddTPJ1snHM?feature=oembed\" frameborder=\"0\" allow=\"accelerometer; autoplay; clipboard-write; encrypted-media; gyroscope; picture-in-picture\" allowfullscreen><\/iframe>\n<\/div><\/figure>\n\n\n\n<p>&#8211; <strong>Ren\u00e9e-Lise Rothiot<\/strong> (L\u2019Eau qui mord), <strong>Bernard Schmitt<\/strong> (Collectif Eau 88) et <strong>Edouard De Filegonde (Eau Bien Commun 63)<\/strong> : <\/p>\n\n\n\n<figure class=\"wp-block-embed is-type-video is-provider-youtube wp-block-embed-youtube wp-embed-aspect-16-9 wp-has-aspect-ratio\"><div class=\"wp-block-embed__wrapper\">\n<iframe loading=\"lazy\" title=\"&quot;Lib\u00e9rons l&#039;Eau de la bourse&quot; 7\/12\/21 - Collectifs Eau 88 et Eau Bien Commun 63\" width=\"525\" height=\"295\" src=\"https:\/\/www.youtube.com\/embed\/M0ooMBmSp9s?feature=oembed\" frameborder=\"0\" allow=\"accelerometer; autoplay; clipboard-write; encrypted-media; gyroscope; picture-in-picture\" allowfullscreen><\/iframe>\n<\/div><\/figure>\n","protected":false},"excerpt":{"rendered":"<p>Tournant historique&nbsp;: le 7 d\u00e9cembre 2020, l\u2019eau, source de toute vie, est devenue officiellement une valeur cot\u00e9e en bourse aux Etats-Unis,&nbsp; dans l\u2019indiff\u00e9rence des gouvernements. Un an apr\u00e8s, et un mois apr\u00e8s l\u2019ouverture de la COP 26,&nbsp; UN RASSEMBLEMENT&nbsp; A EU LIEU LE MARDI 7 DECEMBRE&nbsp; DE 18H30 A 20H PLACE DE LA BOURSE A &hellip; <\/p>\n<p class=\"link-more\"><a href=\"https:\/\/www.universitebiencommun.org\/?page_id=1538\" class=\"more-link\">Continuer la lecture<span class=\"screen-reader-text\"> de &laquo;&nbsp;Lib\u00e9rons l&rsquo;eau de la bourse! (Campagne mondiale)&nbsp;&raquo;<\/span><\/a><\/p>\n","protected":false},"author":1,"featured_media":0,"parent":0,"menu_order":0,"comment_status":"closed","ping_status":"closed","template":"","meta":{"_mo_disable_npp":""},"yoast_head":"<!-- This site is optimized with the Yoast SEO plugin v17.7.1 - https:\/\/yoast.com\/wordpress\/plugins\/seo\/ -->\n<title>Lib\u00e9rons l&#039;eau de la bourse! (Campagne mondiale) -<\/title>\n<meta name=\"robots\" content=\"index, follow, max-snippet:-1, max-image-preview:large, max-video-preview:-1\" \/>\n<link rel=\"canonical\" href=\"https:\/\/www.universitebiencommun.org\/?page_id=1538\" \/>\n<meta property=\"og:locale\" content=\"fr_FR\" \/>\n<meta property=\"og:type\" content=\"article\" \/>\n<meta property=\"og:title\" content=\"Lib\u00e9rons l&#039;eau de la bourse! (Campagne mondiale) -\" \/>\n<meta property=\"og:description\" content=\"Tournant historique&nbsp;: le 7 d\u00e9cembre 2020, l\u2019eau, source de toute vie, est devenue officiellement une valeur cot\u00e9e en bourse aux Etats-Unis,&nbsp; dans l\u2019indiff\u00e9rence des gouvernements. Un an apr\u00e8s, et un mois apr\u00e8s l\u2019ouverture de la COP 26,&nbsp; UN RASSEMBLEMENT&nbsp; A EU LIEU LE MARDI 7 DECEMBRE&nbsp; DE 18H30 A 20H PLACE DE LA BOURSE A &hellip; Continuer la lecture de &laquo;&nbsp;Lib\u00e9rons l&rsquo;eau de la bourse! (Campagne mondiale)&nbsp;&raquo;\" \/>\n<meta property=\"og:url\" content=\"https:\/\/www.universitebiencommun.org\/?page_id=1538\" \/>\n<meta property=\"article:modified_time\" content=\"2021-12-14T16:22:40+00:00\" \/>\n<meta property=\"og:image\" content=\"http:\/\/www.universitebiencommun.org\/wp-content\/uploads\/2021\/12\/eau-appel.png\" \/>\n<meta name=\"twitter:card\" content=\"summary_large_image\" \/>\n<meta name=\"twitter:label1\" content=\"Dur\u00e9e de lecture estim\u00e9e\" \/>\n\t<meta name=\"twitter:data1\" content=\"2 minutes\" \/>\n<script type=\"application\/ld+json\" class=\"yoast-schema-graph\">{\"@context\":\"https:\/\/schema.org\",\"@graph\":[{\"@type\":\"WebSite\",\"@id\":\"https:\/\/www.universitebiencommun.org\/#website\",\"url\":\"https:\/\/www.universitebiencommun.org\/\",\"name\":\"\",\"description\":\"\",\"potentialAction\":[{\"@type\":\"SearchAction\",\"target\":{\"@type\":\"EntryPoint\",\"urlTemplate\":\"https:\/\/www.universitebiencommun.org\/?s={search_term_string}\"},\"query-input\":\"required name=search_term_string\"}],\"inLanguage\":\"fr-FR\"},{\"@type\":\"ImageObject\",\"@id\":\"https:\/\/www.universitebiencommun.org\/?page_id=1538#primaryimage\",\"inLanguage\":\"fr-FR\",\"url\":\"http:\/\/www.universitebiencommun.org\/wp-content\/uploads\/2021\/12\/eau-appel.png\",\"contentUrl\":\"http:\/\/www.universitebiencommun.org\/wp-content\/uploads\/2021\/12\/eau-appel.png\"},{\"@type\":\"WebPage\",\"@id\":\"https:\/\/www.universitebiencommun.org\/?page_id=1538#webpage\",\"url\":\"https:\/\/www.universitebiencommun.org\/?page_id=1538\",\"name\":\"Lib\\u00e9rons l'eau de la bourse! (Campagne mondiale) -\",\"isPartOf\":{\"@id\":\"https:\/\/www.universitebiencommun.org\/#website\"},\"primaryImageOfPage\":{\"@id\":\"https:\/\/www.universitebiencommun.org\/?page_id=1538#primaryimage\"},\"datePublished\":\"2021-12-14T15:06:01+00:00\",\"dateModified\":\"2021-12-14T16:22:40+00:00\",\"breadcrumb\":{\"@id\":\"https:\/\/www.universitebiencommun.org\/?page_id=1538#breadcrumb\"},\"inLanguage\":\"fr-FR\",\"potentialAction\":[{\"@type\":\"ReadAction\",\"target\":[\"https:\/\/www.universitebiencommun.org\/?page_id=1538\"]}]},{\"@type\":\"BreadcrumbList\",\"@id\":\"https:\/\/www.universitebiencommun.org\/?page_id=1538#breadcrumb\",\"itemListElement\":[{\"@type\":\"ListItem\",\"position\":1,\"name\":\"Accueil\",\"item\":\"https:\/\/www.universitebiencommun.org\/\"},{\"@type\":\"ListItem\",\"position\":2,\"name\":\"Lib\\u00e9rons l&rsquo;eau de la bourse! (Campagne mondiale)\"}]}]}<\/script>\n<!-- \/ Yoast SEO plugin. -->","yoast_head_json":{"title":"Lib\u00e9rons l'eau de la bourse! (Campagne mondiale) -","robots":{"index":"index","follow":"follow","max-snippet":"max-snippet:-1","max-image-preview":"max-image-preview:large","max-video-preview":"max-video-preview:-1"},"canonical":"https:\/\/www.universitebiencommun.org\/?page_id=1538","og_locale":"fr_FR","og_type":"article","og_title":"Lib\u00e9rons l'eau de la bourse! (Campagne mondiale) -","og_description":"Tournant historique&nbsp;: le 7 d\u00e9cembre 2020, l\u2019eau, source de toute vie, est devenue officiellement une valeur cot\u00e9e en bourse aux Etats-Unis,&nbsp; dans l\u2019indiff\u00e9rence des gouvernements. Un an apr\u00e8s, et un mois apr\u00e8s l\u2019ouverture de la COP 26,&nbsp; UN RASSEMBLEMENT&nbsp; A EU LIEU LE MARDI 7 DECEMBRE&nbsp; DE 18H30 A 20H PLACE DE LA BOURSE A &hellip; Continuer la lecture de &laquo;&nbsp;Lib\u00e9rons l&rsquo;eau de la bourse! (Campagne mondiale)&nbsp;&raquo;","og_url":"https:\/\/www.universitebiencommun.org\/?page_id=1538","article_modified_time":"2021-12-14T16:22:40+00:00","og_image":[{"url":"http:\/\/www.universitebiencommun.org\/wp-content\/uploads\/2021\/12\/eau-appel.png"}],"twitter_card":"summary_large_image","twitter_misc":{"Dur\u00e9e de lecture estim\u00e9e":"2 minutes"},"schema":{"@context":"https:\/\/schema.org","@graph":[{"@type":"WebSite","@id":"https:\/\/www.universitebiencommun.org\/#website","url":"https:\/\/www.universitebiencommun.org\/","name":"","description":"","potentialAction":[{"@type":"SearchAction","target":{"@type":"EntryPoint","urlTemplate":"https:\/\/www.universitebiencommun.org\/?s={search_term_string}"},"query-input":"required name=search_term_string"}],"inLanguage":"fr-FR"},{"@type":"ImageObject","@id":"https:\/\/www.universitebiencommun.org\/?page_id=1538#primaryimage","inLanguage":"fr-FR","url":"http:\/\/www.universitebiencommun.org\/wp-content\/uploads\/2021\/12\/eau-appel.png","contentUrl":"http:\/\/www.universitebiencommun.org\/wp-content\/uploads\/2021\/12\/eau-appel.png"},{"@type":"WebPage","@id":"https:\/\/www.universitebiencommun.org\/?page_id=1538#webpage","url":"https:\/\/www.universitebiencommun.org\/?page_id=1538","name":"Lib\u00e9rons l'eau de la bourse! (Campagne mondiale) -","isPartOf":{"@id":"https:\/\/www.universitebiencommun.org\/#website"},"primaryImageOfPage":{"@id":"https:\/\/www.universitebiencommun.org\/?page_id=1538#primaryimage"},"datePublished":"2021-12-14T15:06:01+00:00","dateModified":"2021-12-14T16:22:40+00:00","breadcrumb":{"@id":"https:\/\/www.universitebiencommun.org\/?page_id=1538#breadcrumb"},"inLanguage":"fr-FR","potentialAction":[{"@type":"ReadAction","target":["https:\/\/www.universitebiencommun.org\/?page_id=1538"]}]},{"@type":"BreadcrumbList","@id":"https:\/\/www.universitebiencommun.org\/?page_id=1538#breadcrumb","itemListElement":[{"@type":"ListItem","position":1,"name":"Accueil","item":"https:\/\/www.universitebiencommun.org\/"},{"@type":"ListItem","position":2,"name":"Lib\u00e9rons l&rsquo;eau de la bourse! (Campagne mondiale)"}]}]}},"_links":{"self":[{"href":"https:\/\/www.universitebiencommun.org\/index.php?rest_route=\/wp\/v2\/pages\/1538"}],"collection":[{"href":"https:\/\/www.universitebiencommun.org\/index.php?rest_route=\/wp\/v2\/pages"}],"about":[{"href":"https:\/\/www.universitebiencommun.org\/index.php?rest_route=\/wp\/v2\/types\/page"}],"author":[{"embeddable":true,"href":"https:\/\/www.universitebiencommun.org\/index.php?rest_route=\/wp\/v2\/users\/1"}],"replies":[{"embeddable":true,"href":"https:\/\/www.universitebiencommun.org\/index.php?rest_route=%2Fwp%2Fv2%2Fcomments&post=1538"}],"version-history":[{"count":8,"href":"https:\/\/www.universitebiencommun.org\/index.php?rest_route=\/wp\/v2\/pages\/1538\/revisions"}],"predecessor-version":[{"id":1555,"href":"https:\/\/www.universitebiencommun.org\/index.php?rest_route=\/wp\/v2\/pages\/1538\/revisions\/1555"}],"wp:attachment":[{"href":"https:\/\/www.universitebiencommun.org\/index.php?rest_route=%2Fwp%2Fv2%2Fmedia&parent=1538"}],"curies":[{"name":"wp","href":"https:\/\/api.w.org\/{rel}","templated":true}]}}